 the remainder when y is divided by (6 + (-2)/3)*3?
15
Let f = -416 - -549. Calculate the remainder when f is divided by 2.
1
Suppose 0 = -2*a - 4, 0*a = 4*o + a + 118. Let r = o + 44. What is the remainder when r is divided by 2?
1
Let u(g) = -16*g**3 + 3*g**2 + 2*g - 1. Let m be u(-1). Calculate the remainder when -85*2/m*4*-2 is divided by 22.
19
Let g be (-4)/6 + 812/(-42). Let u = g + 83. Let q(f) = 5*f + 3. Calculate the remainder when u is divided by q(2).
11
What is the remainder when (-2 - (7 - 8))*-164 is divided by 21?
17
Let g(y) = 11*y + 3. Let d be g(-5). Calculate the remainder when (-6)/(-39) - 2696/d is divided by 37/2 - 1/2.
16
Let a be -2 - -3 - 388/(-2). Suppose 0 = 5*k - 4*k + 2*s - 105, 0 = -2*k - s + a. What is the remainder when k is divided by 32?
31
Let z = 231 + 53. What is the remainder when z is divided by 99?
86
Let b = 102 - 85. Let i(k) = 20*k**2 + 10*k - 9. Calculate the remainder when i(3) is divided by b.
14
Suppose 2*y = -u + 332, 19*y - 338 = 17*y + 2*u. Calculate the remainder when y is divided by 60.
47
Suppose 0 = 45*i - 4*i - 6355. What is the remainder when i is divided by 72?
11
Calculate the remainder when 57 is divided by -1 - (-22)/20 - 894/(-60).
12
Suppose 0 = -v + 3*v - 2. Suppose z = 4*j + 52, 5*z + 2*j = v + 281. Calculate the remainder when z is divided by 29.
27
Let i = -141 - -149. Let p(d) = -2*d**2 + 17*d + 2. What is the remainder when p(i) is divided by 7?
3
Suppose 25*z - 2444 + 144 = 0. Calculate the remainder when z is divided by 29.
5
Let c be (3 + -7)/(1/4)*-14. Let k = c - 20. What is the remainder when k is divided by 41?
40
Let f = 85 - 82. Suppose -2*y = v + 2*v - 10, -v - 34 = -4*y. Calculate the remainder when y is divided by f.
2
Let m = -12 + -2. Let c = -2 - m. Calculate the remainder when 34 is divided by c.
10
Let o(p) = p**3 + 24*p**2 - 10*p - 67. Calculate the remainder when o(-24) is divided by 170.
3
Suppose -o - 10 = -2*o. Suppose -5*y = 5*m - 92 - 83, 3*y = 5*m - 199. Calculate the remainder when m is divided by o.
8
Calculate the remainder when (-3 - 0)*5/(165/(-869)) is divided by 15.
4
Suppose -s = 5*p + 16, 32 = -s - 2*s + p. Let c(n) = n**2 + 11*n + 16. What is the remainder when 26 is divided by c(s)?
10
Let y(q) = -2*q**3 + 2*q**2 + 3*q - 2. Let j be y(2). Calculate the remainder when 33/3*(2 + -1) is divided by (24/15)/(j/(-10)).
3
Suppose -2*o - 310 = -3*h, 3*h + 2*o - 314 = -0*o. Let d = 123 - h. Calculate the remainder when d is divided by 4.
3
Suppose -24*p = -338 - 1294. What is the remainder when p is divided by 30?
8
Let h = 4 + 1. Suppose -c = 3*b - 0*c - 169, 0 = -2*c + 2. Let x = 80 - b. Calculate the remainder when x is divided by h.
4
Calculate the remainder when (2 + -2 + -1)/((-1)/277) is divided by 10.
7
What is the remainder when (33784/205)/(3 - 87/30) is divided by 55?
53
Let c = 1738 - 1695. Calculate the remainder when 379 is divided by c.
35
Let k(n) = n**3 - 3*n**2 + 12*n + 17. What is the remainder when 2117 is divided by k(3)?
50
Suppose 54 = -6*l + 7*l. What is the remainder when l is divided by 1*16 - (-55)/(-11)?
10
Suppose -4*p + 15 = 5*g, -6 = -g - g - p. Suppose 2*a = -g*a + 4*n + 16, -5*a + 5*n = -15. Let h = 9 - a. Calculate the remainder when 9 is divided by h.
4
Let h = 50 - 47. Suppose 3*y - 2 = -p, -h*p - 3 = y + p. What is the remainder when y is divided by 1?
0
Suppose 5*v + 0*v - 154 = -2*q, 0 = q + v - 77. Calculate the remainder when 137 is divided by q.
60
Suppose 0 = 4*p + 3*h - 88, 2*h = p - 12 + 1. What is the remainder when 150 is divided by p?
17
Let m(b) = 2*b - 11. Let t be m(4). Let o = 14 - -17. What is the remainder when o is divided by 16/t*7/((-14)/3)?
7
Let z = -63 - -45. Let m be 8/(-2)*(-3)/4. Calculate the remainder when 14 is divided by z*m/(-6) + 0.
5
Suppose 0 = 2*f + 5 + 35. Let z = f + 34. Calculate the remainder when (-1668)/(-30) - 6/10 is divided by z.
13
Let q(u) = -u - 10. Let z be q(-11). Let c be (z/(-1))/1 - -9. Let d = c - -5. What is the remainder when d is divided by 7?
6
Let i(f) = f**3 + 7*f**2 + 11*f. Calculate the remainder when (15 - 5) + 0 + 1 is divided by i(-4).
3
Suppose 0*m - 109 = 2*m + 5*s, s - 3 = 0. Let f = -41 - m. Let g(x) = -39*x. What is the remainder when g(-1) is divided by f?
18
Calculate the remainder when (-10)/75 + (-1937)/(-15) + 2 is divided by 1.
0
Let a(x) = 4*x**2 + 3*x. Suppose -11 + 2 = 5*p + z, z - 1 = 0. What is the remainder when 1/4 + 3*(-1340)/(-240) is divided by a(p)?
7
Let r = -103 + 110. Let y = r - -31. Suppose -2*d - 747 = -5*j, -2*d - 596 = -4*j - 0*d. Calculate the remainder when j is divided by y.
37
Suppose 169*u - 149*u - 240 = 0. What is the remainder when 165 is divided by u?
9
Suppose 339 = 4*b - 3*l - 171, -2*b + 5*l = -248. Suppose -52*j + 520 = -32*j. Calculate the remainder when b is divided by j.
25
Let a be 10/(-45) - (-796)/18. Suppose -t - 5*r - 4 = -0*t, -4*t = 5*r - a. What is the remainder when t is divided by 5?
1
Let o = 44 + -27. Let g(b) = 10*b - 5*b**2 + 1 + b + b**3 - 2*b**2. What is the remainder when g(6) is divided by o?
14
Let k(w) = 2*w**2 - 59*w - 329. Suppose -5*n - 56 - 259 = -5*z, 2*n = -4*z + 252. Calculate the remainder when z is divided by k(-5).
15
Let q = 52 + -35. Let v = q - -11. Calculate the remainder when v is divided by 11.
6
Let o(i) = -i**2 - 13*i - 12. Let t(a) = a - 2. Let n be t(5). Suppose 2*s + 82 = 3*w + n*s, 24 = w + s. What is the remainder when w is divided by o(-11)?
9
Let d be (-1)/(-1) - (-169 + 19). Suppose -d = -3*u + 4*q, q = 3*u + 2*u - 280. Calculate the remainder when u is divided by 30.
27
Suppose -3*r + 4*a = -274, 0*a - 355 = -4*r - 5*a. What is the remainder when r is divided by 2 - -29 - (-3 + 2)?
26
Let d(q) = -q**3 - 6*q**2 - 5*q. Let i be d(-5). Suppose 4*z - 33 - 23 = i. What is the remainder when 25 is divided by z?
11
Suppose 264*s + 42 = 270*s. Suppose 0 = -2*d + 10 + 38. Calculate the remainder when d is divided by s.
3
Suppose 607 + 257 = 54*t. What is the remainder when 285 is divided by t?
13
Let k(z) = -13*z + 48. Let i(h) = -168*h + 623. Let p(w) = 6*i(w) - 77*k(w). What is the remainder when 95 is divided by p(4)?
11
Suppose 0 = -u - 20 + 16. What is the remainder when 10 is divided by (u/3)/(10/(-15))?
0
Let c(s) = -2*s - 6. Let k be c(-9). Suppose 0 = -4*m + 2*w + 22, w = 3*m - k - 6. Calculate the remainder when 26 is divided by m.
5
Let h = 70 + -28. Suppose j = 3*b - 77 + 12, 48 = 2*b + 4*j. Calculate the remainder when h is divided by b.
20
Suppose 3*a = 3*p + 381, 0*p - 484 = -4*a - 2*p. Suppose 153 = 3*d + 3*f, 3*d - 8*f + 4*f = 139. What is the remainder when d is divided by 4/(-6) - a/(-9)?
10
Let n(g) = -11 + 2 - 11 + 5 + g**2. What is the remainder when 41 is divided by n(-6)?
20
Suppose 6*b + 3 = 9*b. Calculate the remainder when b + -6 + -9 + 24 is divided by 4.
2
Suppose -3*t = 2*t - 50. Let b(z) = -z**3 + 11*z**2 - 8*z - 5. Let o be b(t). Suppose 4*r - 7*r = -o. What is the remainder when 12 is divided by r?
2
Let k(f) = 224 + 65*f**2 - 444 - 5*f + 225. What is the remainder when k(1) is divided by 19?
8
Let d = 722 + -702. Calculate the remainder when 739 is divided by d.
19
Suppose r - 27 = 4*t, -5*r = 4*t - 44 - 19. Calculate the remainder when 53 is divided by r.
8
Let x(d) = 2*d - 5. Let f be x(4). Suppose 4*z = f*z. Suppose -3*h + 27 + 27 = z. Calculate the remainder when 53 is divided by h.
17
What is the remainder when ((-5337)/(-6))/((-18)/(-12)) is divided by 150?
143
Suppose 12 - 2 = y. Suppose 0 = 4*f - 5*v - 469, v = -4*f - f + 550. What is the remainder when 2/(-2)*f/(-3) is divided by y?
7
Let f(a) = 5*a - a - 6*a + 10 + 3*a. Let x be f(-5). Suppose x*p - 29 - 326 = 0. What is the remainder when p is divided by 18?
17
Let s = -583 + 682. What is the remainder when s is divided by 26?
21
Calculate the remainder when 79 is divided by 38/7 - (-7)/(294/(-18)).
4
Calculate the remainder when (471*(-14)/(-105))/((-1)/(-65)) is divided by 95.
92
Calculate the remainder when 251 is divided by (-28)/70 + (-1116)/(-15).
29
Suppose -26 = -2*s + 86. Let t be 2 + s - 6/6. Suppose 0 = 4*k + x - t, -5*k = -3*k - 2*x - 16. Calculate the remainder when k is divided by 4.
1
Let a(l) = 3*l + 64. Calculate the remainder when 439 is divided by a(